{"id":3910,"date":"2025-10-01T15:26:45","date_gmt":"2025-10-01T13:26:45","guid":{"rendered":"https:\/\/www.4else.com\/fourelse\/?page_id=3910"},"modified":"2025-10-01T15:47:31","modified_gmt":"2025-10-01T13:47:31","slug":"preise","status":"publish","type":"page","link":"https:\/\/www.4else.com\/fourelse\/preise\/","title":{"rendered":"Preise"},"content":{"rendered":"[et_pb_section fb_built=&#8220;1&#8243; _builder_version=&#8220;4.27.4&#8243; _module_preset=&#8220;default&#8220; global_colors_info=&#8220;{}&#8220; theme_builder_area=&#8220;post_content&#8220;][et_pb_row _builder_version=&#8220;4.27.4&#8243; _module_preset=&#8220;default&#8220; global_colors_info=&#8220;{}&#8220; theme_builder_area=&#8220;post_content&#8220;][et_pb_column type=&#8220;4_4&#8243; _builder_version=&#8220;4.27.4&#8243; _module_preset=&#8220;default&#8220; global_colors_info=&#8220;{}&#8220; theme_builder_area=&#8220;post_content&#8220;][et_pb_heading title=&#8220;4else.com Preise&#8220; _builder_version=&#8220;4.27.4&#8243; _module_preset=&#8220;default&#8220; title_font_size=&#8220;3rem&#8220; global_colors_info=&#8220;{}&#8220; theme_builder_area=&#8220;post_content&#8220;][\/et_pb_heading][et_pb_pricing_tables featured_table_background_color=&#8220;#484968&#8243; featured_table_header_background_color=&#8220;#D4561B&#8220; featured_table_header_text_color=&#8220;#484968&#8243; header_background_color=&#8220;#3D3950&#8243; featured_table_subheader_text_color=&#8220;#ECE7EC&#8220; featured_table_text_color=&#8220;#ECE7EC&#8220; featured_table_bullet_color=&#8220;#ECE7EC&#8220; bullet_color=&#8220;#D4561B&#8220; featured_table_price_background_color=&#8220;#ECE7EC&#8220; featured_table_price_color=&#8220;#D4561B&#8220; price_background_color=&#8220;#ECE7EC&#8220; _builder_version=&#8220;4.27.4&#8243; _module_preset=&#8220;default&#8220; price_text_color=&#8220;#3D3950&#8243; subheader_text_color=&#8220;#ECE7EC&#8220; body_line_height=&#8220;1em&#8220; global_colors_info=&#8220;{}&#8220; theme_builder_area=&#8220;post_content&#8220;][et_pb_pricing_table title=&#8220;Ohne Login&#8220; subtitle=&#8220;Ohne Registration&#8220; currency=&#8220;CHF&#8220; sum=&#8220;0&#8243; button_url=&#8220;https:\/\/www.4else.com\/de\/survey\/create\/etype\/datesurvey&#8220; button_text=&#8220;Terminumfrage starten&#8220; _builder_version=&#8220;4.27.4&#8243; _module_preset=&#8220;default&#8220; global_colors_info=&#8220;{}&#8220; sticky_transition=&#8220;on&#8220; theme_builder_area=&#8220;post_content&#8220;]\n<p>Terminumfragen<br \/>einfache Umfragen<br \/>Meeting organisieren<br \/>keine Verwaltung (nur einzelne Anl\u00e4sse)<br \/>\u00d6ffentlicher- und Adminlink pro Anlass<br \/>Absenzen-Verwaltung bei Terminserie<br \/>Enth\u00e4lt Werbung<\/p>\n[\/et_pb_pricing_table][et_pb_pricing_table title=&#8220;FREE&#8220; subtitle=&#8220;mit Registrierung&#8220; currency=&#8220;CHF&#8220; sum=&#8220;0&#8243; button_url=&#8220;https:\/\/www.4else.com\/de\/user\/login#tab-register&#8220; button_text=&#8220;Jetzt registrieren&#8220; _builder_version=&#8220;4.27.4&#8243; _module_preset=&#8220;default&#8220; global_colors_info=&#8220;{}&#8220; sticky_transition=&#8220;on&#8220; theme_builder_area=&#8220;post_content&#8220;]\n<p><strong>bis 10 aktive Anl\u00e4sse (inaktive unbeschr\u00e4nkt)<\/strong><\/p>\n<p><strong>Bis 20 eigene Bilder<\/strong><\/p>\n<p><strong>Enth\u00e4lt Werbung<\/strong><\/p>\n<p>\u00d6ffentlicher- und Adminlink pro Anlass<\/p>\n<p>Absenzen-Verwaltung bei Terminserie<\/p>\n<p>Einladen \u00fcber 4else<\/p>\n<p>Export CSV, Excel<\/p>\n<p>Pers\u00f6nliche Einladung<\/p>\n<p>QR-Code pro Anlass<\/p>\n<p>Set mit vordefinierten Fragen<\/p>\n<p>Warteliste<\/p>\n<p>1 Eventeas Code<\/p>\n[\/et_pb_pricing_table][et_pb_pricing_table featured=&#8220;on&#8220; title=&#8220;PREMIUM&#8220; subtitle=&#8220;J\u00e4hrlich &#8220; currency=&#8220;CHF&#8220; sum=&#8220;114&#8243; button_url=&#8220;https:\/\/www.4else.com\/de\/user\/login#tab-register&#8220; button_text=&#8220;Jetzt registrieren&#8220; _builder_version=&#8220;4.27.4&#8243; _module_preset=&#8220;default&#8220; global_colors_info=&#8220;{}&#8220; sticky_transition=&#8220;on&#8220; theme_builder_area=&#8220;post_content&#8220;]\n<p><strong>oder CHF 24.- \/ Monat<\/strong><\/p>\n<p><strong>bis 500 aktive Anl\u00e4sse<\/strong><\/p>\n<p><strong>300 eigene Bilder<\/strong><\/p>\n<p><strong>Ohne Werbeeinblendungen<\/strong><\/p>\n<p>\u00d6ffentlicher- und Adminlink pro Anlass<\/p>\n<p>Absenzen-Verwaltung bei Terminserie<\/p>\n<p>Einladen \u00fcber 4else<\/p>\n<p>Export CSV, Excel<\/p>\n<p>Pers\u00f6nliche Einladung<\/p>\n<p>QR-Code pro Anlass<\/p>\n<p>Set mit vordefinierten Fragen<\/p>\n<p>Warteliste<\/p>\n<p>5 Eventeas Codes<\/p>\n[\/et_pb_pricing_table][et_pb_pricing_table title=&#8220;CUSTOMIZED&#8220; subtitle=&#8220;J\u00e4hrlich&#8220; currency=&#8220;CHF&#8220; sum=&#8220;750&#8243; button_url=&#8220;mailto:info@4else.com&#8220; button_text=&#8220;Offerte verlangen&#8220; _builder_version=&#8220;4.27.4&#8243; _module_preset=&#8220;default&#8220; global_colors_info=&#8220;{}&#8220; sticky_transition=&#8220;on&#8220; theme_builder_area=&#8220;post_content&#8220;]\n<p><strong>wie 4else PREMIUM<\/strong><\/p>\n<p><strong>unlimitierte eigene Anl\u00e4sse<\/strong><\/p>\n<p><strong>unlimitierte Bilder<\/strong><\/p>\n<p>Eigenes Look &amp; Feel<\/p>\n<p>Einbindung in eigene Website via RSS-Feed (XML-File), wie z.B. auf 4my.horse<\/p>\n<p>Eigene URL<\/p>\n<p>Anpassung Mailtemplate<\/p>\n<p><strong><em>Einrichtungskosten nach Aufwand<\/em><\/strong><\/p>\n[\/et_pb_pricing_table][\/et_pb_pricing_tables][et_pb_cta title=&#8220;Jetzt Deine Ideen umsetzen&#8220; button_url=&#8220;https:\/\/www.4else.com\/de\/user\/login\/#tab-register&#8220; button_text=&#8220;Jetzt starten&#8220; _builder_version=&#8220;4.27.4&#8243; _module_preset=&#8220;default&#8220; background_color=&#8220;#D4561B&#8220; custom_button=&#8220;on&#8220; button_text_color=&#8220;#FFFFFF&#8220; button_border_color=&#8220;#FFFFFF&#8220; global_colors_info=&#8220;{}&#8220; theme_builder_area=&#8220;post_content&#8220;]\n<p>Erlebe die Gestaltungsfreiheit mit 4else und erfasse Deine Umfrage, Deinen Event oder Kurs einfach und unkompliziert. Melde Dich unverbindlich an und setze Deine Ideen in die Tat um! Lass Deiner Leidenschaft freien Lauf und starte mit Deinem eigenen Event durch.<\/p>\n[\/et_pb_cta][\/et_pb_column][\/et_pb_row][\/et_pb_section]\n","protected":false},"excerpt":{"rendered":"<p>Terminumfrageneinfache UmfragenMeeting organisierenkeine Verwaltung (nur einzelne Anl\u00e4sse)\u00d6ffentlicher- und Adminlink pro AnlassAbsenzen-Verwaltung bei TerminserieEnth\u00e4lt Werbungbis 10 aktive Anl\u00e4sse (inaktive unbeschr\u00e4nkt) Bis 20 eigene Bilder Enth\u00e4lt Werbung \u00d6ffentlicher- und Adminlink pro Anlass Absenzen-Verwaltung bei Terminserie Einladen \u00fcber 4else Export CSV, Excel Pers\u00f6nliche Einladung QR-Code pro Anlass Set mit vordefinierten Fragen Warteliste 1 Eventeas Codeoder CHF 24.- \/ [&hellip;]<\/p>\n","protected":false},"author":1,"featured_media":2098,"parent":0,"menu_order":0,"comment_status":"closed","ping_status":"closed","template":"","meta":{"_seopress_robots_primary_cat":"","_seopress_titles_title":"","_seopress_titles_desc":"","_seopress_robots_index":"","_et_pb_use_builder":"on","_et_pb_old_content":"","_et_gb_content_width":"","footnotes":""},"class_list":["post-3910","page","type-page","status-publish","has-post-thumbnail","hentry"],"_links":{"self":[{"href":"https:\/\/www.4else.com\/fourelse\/wp-json\/wp\/v2\/pages\/3910","targetHints":{"allow":["GET"]}}],"collection":[{"href":"https:\/\/www.4else.com\/fourelse\/wp-json\/wp\/v2\/pages"}],"about":[{"href":"https:\/\/www.4else.com\/fourelse\/wp-json\/wp\/v2\/types\/page"}],"author":[{"embeddable":true,"href":"https:\/\/www.4else.com\/fourelse\/wp-json\/wp\/v2\/users\/1"}],"replies":[{"embeddable":true,"href":"https:\/\/www.4else.com\/fourelse\/wp-json\/wp\/v2\/comments?post=3910"}],"version-history":[{"count":2,"href":"https:\/\/www.4else.com\/fourelse\/wp-json\/wp\/v2\/pages\/3910\/revisions"}],"predecessor-version":[{"id":3937,"href":"https:\/\/www.4else.com\/fourelse\/wp-json\/wp\/v2\/pages\/3910\/revisions\/3937"}],"wp:featuredmedia":[{"embeddable":true,"href":"https:\/\/www.4else.com\/fourelse\/wp-json\/wp\/v2\/media\/2098"}],"wp:attachment":[{"href":"https:\/\/www.4else.com\/fourelse\/wp-json\/wp\/v2\/media?parent=3910"}],"curies":[{"name":"wp","href":"https:\/\/api.w.org\/{rel}","templated":true}]}}